{"id":583,"date":"2025-02-26T17:10:27","date_gmt":"2025-02-26T16:10:27","guid":{"rendered":"https:\/\/notre-quartier.ch\/esplanade\/?post_type=tribe_events&#038;p=583"},"modified":"2025-10-28T10:19:19","modified_gmt":"2025-10-28T09:19:19","slug":"halloween","status":"publish","type":"tribe_events","link":"https:\/\/notre-quartier.ch\/esplanade\/agenda\/halloween\/","title":{"rendered":"Halloween"},"content":{"rendered":"<p>Ch\u00e8res voisines, chers voisins,<\/p>\n<p>Vendredi 31 octobre aura lieu le traditionnel Halloween du quartier \ud83c\udf83\ud83d\udc7b<\/p>\n<p>Pr\u00e9parez vos meilleurs costumes pour animer le quartier !<\/p>\n<p>Des bonbons seront distribu\u00e9s aux enfants d\u00e9guis\u00e9s et une soupe \u00e0 la courge sera servie \u00e0 toutes les personnes qui oseront sortir de chez elle \ud83d\ude42<\/p>\n<p>&nbsp;<\/p>\n<p>&nbsp;<\/p>\n","protected":false},"excerpt":{"rendered":"<p>Ch\u00e8res voisines, chers voisins, Vendredi 31 octobre aura lieu le traditionnel Halloween du quartier \ud83c\udf83\ud83d\udc7b Pr\u00e9parez vos meilleurs costumes pour animer le quartier ! Des bonbons seront distribu\u00e9s aux enfants [&hellip;]<\/p>\n","protected":false},"author":15,"featured_media":923,"template":"","meta":{"site-sidebar-layout":"default","site-content-layout":"","ast-site-content-layout":"default","site-content-style":"default","site-sidebar-style":"default","ast-global-header-display":"","ast-banner-title-visibility":"","ast-main-header-display":"","ast-hfb-above-header-display":"","ast-hfb-below-header-display":"","ast-hfb-mobile-header-display":"","site-post-title":"","ast-breadcrumbs-content":"","ast-featured-img":"","footer-sml-layout":"","ast-disable-related-posts":"","theme-transparent-header-meta":"default","adv-header-id-meta":"","stick-header-meta":"","header-above-stick-meta":"","header-main-stick-meta":"","header-below-stick-meta":"","astra-migrate-meta-layouts":"set","ast-page-background-enabled":"default","ast-page-background-meta":{"desktop":{"background-color":"var(--ast-global-color-4)","background-image":"","background-repeat":"repeat","background-position":"center center","background-size":"auto","background-attachment":"scroll","background-type":"","background-media":"","overlay-type":"","overlay-color":"","overlay-opacity":"","overlay-gradient":""},"tablet":{"background-color":"","background-image":"","background-repeat":"repeat","background-position":"center center","background-size":"auto","background-attachment":"scroll","background-type":"","background-media":"","overlay-type":"","overlay-color":"","overlay-opacity":"","overlay-gradient":""},"mobile":{"background-color":"","background-image":"","background-repeat":"repeat","background-position":"center center","background-size":"auto","background-attachment":"scroll","background-type":"","background-media":"","overlay-type":"","overlay-color":"","overlay-opacity":"","overlay-gradient":""}},"ast-content-background-meta":{"desktop":{"background-color":"var(--ast-global-color-5)","background-image":"","background-repeat":"repeat","background-position":"center center","background-size":"auto","background-attachment":"scroll","background-type":"","background-media":"","overlay-type":"","overlay-color":"","overlay-opacity":"","overlay-gradient":""},"tablet":{"background-color":"var(--ast-global-color-5)","background-image":"","background-repeat":"repeat","background-position":"center center","background-size":"auto","background-attachment":"scroll","background-type":"","background-media":"","overlay-type":"","overlay-color":"","overlay-opacity":"","overlay-gradient":""},"mobile":{"background-color":"var(--ast-global-color-5)","background-image":"","background-repeat":"repeat","background-position":"center center","background-size":"auto","background-attachment":"scroll","background-type":"","background-media":"","overlay-type":"","overlay-color":"","overlay-opacity":"","overlay-gradient":""}},"_tribe_events_status":"","_tribe_events_status_reason":"","_tribe_events_is_hybrid":"","_tribe_events_is_virtual":"","_tribe_events_virtual_video_source":"","_tribe_events_virtual_embed_video":"","_tribe_events_virtual_linked_button_text":"","_tribe_events_virtual_linked_button":"","_tribe_events_virtual_show_embed_at":"","_tribe_events_virtual_show_embed_to":[],"_tribe_events_virtual_show_on_event":"","_tribe_events_virtual_show_on_views":"","_tribe_events_virtual_url":"","footnotes":""},"tags":[],"tribe_events_cat":[],"class_list":["post-583","tribe_events","type-tribe_events","status-publish","has-post-thumbnail","hentry"],"yoast_head":"<!-- This site is optimized with the Yoast SEO plugin v27.2 - https:\/\/yoast.com\/product\/yoast-seo-wordpress\/ -->\n<title>Halloween - Esplanade<\/title>\n<meta name=\"robots\" content=\"index, follow, max-snippet:-1, max-image-preview:large, max-video-preview:-1\" \/>\n<link rel=\"canonical\" href=\"https:\/\/notre-quartier.ch\/esplanade\/agenda\/halloween\/\" \/>\n<meta property=\"og:locale\" content=\"fr_FR\" \/>\n<meta property=\"og:type\" content=\"article\" \/>\n<meta property=\"og:title\" content=\"Halloween - Esplanade\" \/>\n<meta property=\"og:description\" content=\"Ch\u00e8res voisines, chers voisins, Vendredi 31 octobre aura lieu le traditionnel Halloween du quartier \ud83c\udf83\ud83d\udc7b Pr\u00e9parez vos meilleurs costumes pour animer le quartier ! Des bonbons seront distribu\u00e9s aux enfants [&hellip;]\" \/>\n<meta property=\"og:url\" content=\"https:\/\/notre-quartier.ch\/esplanade\/agenda\/halloween\/\" \/>\n<meta property=\"og:site_name\" content=\"Esplanade\" \/>\n<meta property=\"article:modified_time\" content=\"2025-10-28T09:19:19+00:00\" \/>\n<meta property=\"og:image\" content=\"https:\/\/notre-quartier.ch\/esplanade\/wp-content\/uploads\/sites\/9\/2025\/02\/Affiche-Halloween.jpeg\" \/>\n\t<meta property=\"og:image:width\" content=\"1076\" \/>\n\t<meta property=\"og:image:height\" content=\"1496\" \/>\n\t<meta property=\"og:image:type\" content=\"image\/jpeg\" \/>\n<meta name=\"twitter:card\" content=\"summary_large_image\" \/>\n<script type=\"application\/ld+json\" class=\"yoast-schema-graph\">{\"@context\":\"https:\/\/schema.org\",\"@graph\":[{\"@type\":\"WebPage\",\"@id\":\"https:\/\/notre-quartier.ch\/esplanade\/agenda\/halloween\/\",\"url\":\"https:\/\/notre-quartier.ch\/esplanade\/agenda\/halloween\/\",\"name\":\"Halloween - Esplanade\",\"isPartOf\":{\"@id\":\"https:\/\/notre-quartier.ch\/esplanade\/#website\"},\"primaryImageOfPage\":{\"@id\":\"https:\/\/notre-quartier.ch\/esplanade\/agenda\/halloween\/#primaryimage\"},\"image\":{\"@id\":\"https:\/\/notre-quartier.ch\/esplanade\/agenda\/halloween\/#primaryimage\"},\"thumbnailUrl\":\"https:\/\/notre-quartier.ch\/esplanade\/wp-content\/uploads\/sites\/9\/2025\/02\/Affiche-Halloween.jpeg\",\"datePublished\":\"2025-02-26T16:10:27+00:00\",\"dateModified\":\"2025-10-28T09:19:19+00:00\",\"breadcrumb\":{\"@id\":\"https:\/\/notre-quartier.ch\/esplanade\/agenda\/halloween\/#breadcrumb\"},\"inLanguage\":\"fr-FR\",\"potentialAction\":[{\"@type\":\"ReadAction\",\"target\":[\"https:\/\/notre-quartier.ch\/esplanade\/agenda\/halloween\/\"]}]},{\"@type\":\"ImageObject\",\"inLanguage\":\"fr-FR\",\"@id\":\"https:\/\/notre-quartier.ch\/esplanade\/agenda\/halloween\/#primaryimage\",\"url\":\"https:\/\/notre-quartier.ch\/esplanade\/wp-content\/uploads\/sites\/9\/2025\/02\/Affiche-Halloween.jpeg\",\"contentUrl\":\"https:\/\/notre-quartier.ch\/esplanade\/wp-content\/uploads\/sites\/9\/2025\/02\/Affiche-Halloween.jpeg\",\"width\":1076,\"height\":1496},{\"@type\":\"BreadcrumbList\",\"@id\":\"https:\/\/notre-quartier.ch\/esplanade\/agenda\/halloween\/#breadcrumb\",\"itemListElement\":[{\"@type\":\"ListItem\",\"position\":1,\"name\":\"Accueil\",\"item\":\"https:\/\/notre-quartier.ch\/esplanade\/\"},{\"@type\":\"ListItem\",\"position\":2,\"name\":\"\u00c9v\u00e8nements\",\"item\":\"https:\/\/notre-quartier.ch\/esplanade\/agenda\/\"},{\"@type\":\"ListItem\",\"position\":3,\"name\":\"Halloween\"}]},{\"@type\":\"WebSite\",\"@id\":\"https:\/\/notre-quartier.ch\/esplanade\/#website\",\"url\":\"https:\/\/notre-quartier.ch\/esplanade\/\",\"name\":\"Esplanade\",\"description\":\"\",\"potentialAction\":[{\"@type\":\"SearchAction\",\"target\":{\"@type\":\"EntryPoint\",\"urlTemplate\":\"https:\/\/notre-quartier.ch\/esplanade\/?s={search_term_string}\"},\"query-input\":{\"@type\":\"PropertyValueSpecification\",\"valueRequired\":true,\"valueName\":\"search_term_string\"}}],\"inLanguage\":\"fr-FR\"}]}<\/script>\n<!-- \/ Yoast SEO plugin. -->","yoast_head_json":{"title":"Halloween - Esplanade","robots":{"index":"index","follow":"follow","max-snippet":"max-snippet:-1","max-image-preview":"max-image-preview:large","max-video-preview":"max-video-preview:-1"},"canonical":"https:\/\/notre-quartier.ch\/esplanade\/agenda\/halloween\/","og_locale":"fr_FR","og_type":"article","og_title":"Halloween - Esplanade","og_description":"Ch\u00e8res voisines, chers voisins, Vendredi 31 octobre aura lieu le traditionnel Halloween du quartier \ud83c\udf83\ud83d\udc7b Pr\u00e9parez vos meilleurs costumes pour animer le quartier ! Des bonbons seront distribu\u00e9s aux enfants [&hellip;]","og_url":"https:\/\/notre-quartier.ch\/esplanade\/agenda\/halloween\/","og_site_name":"Esplanade","article_modified_time":"2025-10-28T09:19:19+00:00","og_image":[{"width":1076,"height":1496,"url":"https:\/\/notre-quartier.ch\/esplanade\/wp-content\/uploads\/sites\/9\/2025\/02\/Affiche-Halloween.jpeg","type":"image\/jpeg"}],"twitter_card":"summary_large_image","schema":{"@context":"https:\/\/schema.org","@graph":[{"@type":"WebPage","@id":"https:\/\/notre-quartier.ch\/esplanade\/agenda\/halloween\/","url":"https:\/\/notre-quartier.ch\/esplanade\/agenda\/halloween\/","name":"Halloween - Esplanade","isPartOf":{"@id":"https:\/\/notre-quartier.ch\/esplanade\/#website"},"primaryImageOfPage":{"@id":"https:\/\/notre-quartier.ch\/esplanade\/agenda\/halloween\/#primaryimage"},"image":{"@id":"https:\/\/notre-quartier.ch\/esplanade\/agenda\/halloween\/#primaryimage"},"thumbnailUrl":"https:\/\/notre-quartier.ch\/esplanade\/wp-content\/uploads\/sites\/9\/2025\/02\/Affiche-Halloween.jpeg","datePublished":"2025-02-26T16:10:27+00:00","dateModified":"2025-10-28T09:19:19+00:00","breadcrumb":{"@id":"https:\/\/notre-quartier.ch\/esplanade\/agenda\/halloween\/#breadcrumb"},"inLanguage":"fr-FR","potentialAction":[{"@type":"ReadAction","target":["https:\/\/notre-quartier.ch\/esplanade\/agenda\/halloween\/"]}]},{"@type":"ImageObject","inLanguage":"fr-FR","@id":"https:\/\/notre-quartier.ch\/esplanade\/agenda\/halloween\/#primaryimage","url":"https:\/\/notre-quartier.ch\/esplanade\/wp-content\/uploads\/sites\/9\/2025\/02\/Affiche-Halloween.jpeg","contentUrl":"https:\/\/notre-quartier.ch\/esplanade\/wp-content\/uploads\/sites\/9\/2025\/02\/Affiche-Halloween.jpeg","width":1076,"height":1496},{"@type":"BreadcrumbList","@id":"https:\/\/notre-quartier.ch\/esplanade\/agenda\/halloween\/#breadcrumb","itemListElement":[{"@type":"ListItem","position":1,"name":"Accueil","item":"https:\/\/notre-quartier.ch\/esplanade\/"},{"@type":"ListItem","position":2,"name":"\u00c9v\u00e8nements","item":"https:\/\/notre-quartier.ch\/esplanade\/agenda\/"},{"@type":"ListItem","position":3,"name":"Halloween"}]},{"@type":"WebSite","@id":"https:\/\/notre-quartier.ch\/esplanade\/#website","url":"https:\/\/notre-quartier.ch\/esplanade\/","name":"Esplanade","description":"","potentialAction":[{"@type":"SearchAction","target":{"@type":"EntryPoint","urlTemplate":"https:\/\/notre-quartier.ch\/esplanade\/?s={search_term_string}"},"query-input":{"@type":"PropertyValueSpecification","valueRequired":true,"valueName":"search_term_string"}}],"inLanguage":"fr-FR"}]}},"_links":{"self":[{"href":"https:\/\/notre-quartier.ch\/esplanade\/wp-json\/wp\/v2\/tribe_events\/583","targetHints":{"allow":["GET"]}}],"collection":[{"href":"https:\/\/notre-quartier.ch\/esplanade\/wp-json\/wp\/v2\/tribe_events"}],"about":[{"href":"https:\/\/notre-quartier.ch\/esplanade\/wp-json\/wp\/v2\/types\/tribe_events"}],"author":[{"embeddable":true,"href":"https:\/\/notre-quartier.ch\/esplanade\/wp-json\/wp\/v2\/users\/15"}],"version-history":[{"count":5,"href":"https:\/\/notre-quartier.ch\/esplanade\/wp-json\/wp\/v2\/tribe_events\/583\/revisions"}],"predecessor-version":[{"id":925,"href":"https:\/\/notre-quartier.ch\/esplanade\/wp-json\/wp\/v2\/tribe_events\/583\/revisions\/925"}],"wp:featuredmedia":[{"embeddable":true,"href":"https:\/\/notre-quartier.ch\/esplanade\/wp-json\/wp\/v2\/media\/923"}],"wp:attachment":[{"href":"https:\/\/notre-quartier.ch\/esplanade\/wp-json\/wp\/v2\/media?parent=583"}],"wp:term":[{"taxonomy":"post_tag","embeddable":true,"href":"https:\/\/notre-quartier.ch\/esplanade\/wp-json\/wp\/v2\/tags?post=583"},{"taxonomy":"tribe_events_cat","embeddable":true,"href":"https:\/\/notre-quartier.ch\/esplanade\/wp-json\/wp\/v2\/tribe_events_cat?post=583"}],"curies":[{"name":"wp","href":"https:\/\/api.w.org\/{rel}","templated":true}]}}

<p>Chères voisines, chers voisins,</p>
<p>Vendredi 31 octobre aura lieu le traditionnel Halloween du quartier 🎃👻</p>
<p>Préparez vos meilleurs costumes pour animer le quartier !</p>
<p>Des bonbons seront distribués aux enfants déguisés et une soupe à la courge sera servie à toutes les personnes qui oseront sortir de chez elle 🙂</p>
<p>&nbsp;</p>
<p>&nbsp;</p>

<p>Chères voisines, chers voisins, Vendredi 31 octobre aura lieu le traditionnel Halloween du quartier 🎃👻 Préparez vos meilleurs costumes pour animer le quartier ! Des bonbons seront distribués aux enfants [&hellip;]</p>

<!-- This site is optimized with the Yoast SEO plugin v27.2 - https://yoast.com/product/yoast-seo-wordpress/ -->
<title>Halloween - Esplanade</title>
<meta name="robots" content="index, follow, max-snippet:-1, max-image-preview:large, max-video-preview:-1" />
<link rel="canonical" href="https://notre-quartier.ch/esplanade/agenda/halloween/" />
<meta property="og:locale" content="fr_FR" />
<meta property="og:type" content="article" />
<meta property="og:title" content="Halloween - Esplanade" />
<meta property="og:description" content="Chères voisines, chers voisins, Vendredi 31 octobre aura lieu le traditionnel Halloween du quartier 🎃👻 Préparez vos meilleurs costumes pour animer le quartier ! Des bonbons seront distribués aux enfants [&hellip;]" />
<meta property="og:url" content="https://notre-quartier.ch/esplanade/agenda/halloween/" />
<meta property="og:site_name" content="Esplanade" />
<meta property="article:modified_time" content="2025-10-28T09:19:19+00:00" />
<meta property="og:image" content="https://notre-quartier.ch/esplanade/wp-content/uploads/sites/9/2025/02/Affiche-Halloween.jpeg" />
	<meta property="og:image:width" content="1076" />
	<meta property="og:image:height" content="1496" />
	<meta property="og:image:type" content="image/jpeg" />
<meta name="twitter:card" content="summary_large_image" />
<script type="application/ld+json" class="yoast-schema-graph">{"@context":"https://schema.org","@graph":[{"@type":"WebPage","@id":"https://notre-quartier.ch/esplanade/agenda/halloween/","url":"https://notre-quartier.ch/esplanade/agenda/halloween/","name":"Halloween - Esplanade","isPartOf":{"@id":"https://notre-quartier.ch/esplanade/#website"},"primaryImageOfPage":{"@id":"https://notre-quartier.ch/esplanade/agenda/halloween/#primaryimage"},"image":{"@id":"https://notre-quartier.ch/esplanade/agenda/halloween/#primaryimage"},"thumbnailUrl":"https://notre-quartier.ch/esplanade/wp-content/uploads/sites/9/2025/02/Affiche-Halloween.jpeg","datePublished":"2025-02-26T16:10:27+00:00","dateModified":"2025-10-28T09:19:19+00:00","breadcrumb":{"@id":"https://notre-quartier.ch/esplanade/agenda/halloween/#breadcrumb"},"inLanguage":"fr-FR","potentialAction":[{"@type":"ReadAction","target":["https://notre-quartier.ch/esplanade/agenda/halloween/"]}]},{"@type":"ImageObject","inLanguage":"fr-FR","@id":"https://notre-quartier.ch/esplanade/agenda/halloween/#primaryimage","url":"https://notre-quartier.ch/esplanade/wp-content/uploads/sites/9/2025/02/Affiche-Halloween.jpeg","contentUrl":"https://notre-quartier.ch/esplanade/wp-content/uploads/sites/9/2025/02/Affiche-Halloween.jpeg","width":1076,"height":1496},{"@type":"BreadcrumbList","@id":"https://notre-quartier.ch/esplanade/agenda/halloween/#breadcrumb","itemListElement":[{"@type":"ListItem","position":1,"name":"Accueil","item":"https://notre-quartier.ch/esplanade/"},{"@type":"ListItem","position":2,"name":"Évènements","item":"https://notre-quartier.ch/esplanade/agenda/"},{"@type":"ListItem","position":3,"name":"Halloween"}]},{"@type":"WebSite","@id":"https://notre-quartier.ch/esplanade/#website","url":"https://notre-quartier.ch/esplanade/","name":"Esplanade","description":"","potentialAction":[{"@type":"SearchAction","target":{"@type":"EntryPoint","urlTemplate":"https://notre-quartier.ch/esplanade/?s={search_term_string}"},"query-input":{"@type":"PropertyValueSpecification","valueRequired":true,"valueName":"search_term_string"}}],"inLanguage":"fr-FR"}]}</script>
<!-- / Yoast SEO plugin. -->

Chères voisines, chers voisins, Vendredi 31 octobre aura lieu le traditionnel Halloween du quartier 🎃👻 Préparez vos meilleurs costumes pour animer le quartier ! Des bonbons seront distribués aux enfants [&hellip;]

Évènements
