{"id":580,"date":"2025-02-26T17:07:13","date_gmt":"2025-02-26T16:07:13","guid":{"rendered":"https:\/\/notre-quartier.ch\/esplanade\/?post_type=tribe_events&#038;p=580"},"modified":"2025-03-31T16:28:45","modified_gmt":"2025-03-31T14:28:45","slug":"fete-nationale","status":"publish","type":"tribe_events","link":"https:\/\/notre-quartier.ch\/esplanade\/agenda\/fete-nationale\/","title":{"rendered":"F\u00eate nationale"},"content":{"rendered":"<p>Retrouvons-nous \u00e0 l&rsquo;ext\u00e9rieur pour partager un repas \u00e0 l&rsquo;occasion de la F\u00eate nationale !<\/p>\n<p>Des feux d&rsquo;artifice seront \u00e9videmment au programme \ud83d\ude42<\/p>\n","protected":false},"excerpt":{"rendered":"<p>Retrouvons-nous \u00e0 l&rsquo;ext\u00e9rieur pour partager un repas \u00e0 l&rsquo;occasion de la F\u00eate nationale ! Des feux d&rsquo;artifice seront \u00e9videmment au programme \ud83d\ude42<\/p>\n","protected":false},"author":15,"featured_media":581,"template":"","meta":{"site-sidebar-layout":"default","site-content-layout":"","ast-site-content-layout":"default","site-content-style":"default","site-sidebar-style":"default","ast-global-header-display":"","ast-banner-title-visibility":"","ast-main-header-display":"","ast-hfb-above-header-display":"","ast-hfb-below-header-display":"","ast-hfb-mobile-header-display":"","site-post-title":"","ast-breadcrumbs-content":"","ast-featured-img":"","footer-sml-layout":"","ast-disable-related-posts":"","theme-transparent-header-meta":"default","adv-header-id-meta":"","stick-header-meta":"","header-above-stick-meta":"","header-main-stick-meta":"","header-below-stick-meta":"","astra-migrate-meta-layouts":"set","ast-page-background-enabled":"default","ast-page-background-meta":{"desktop":{"background-color":"var(--ast-global-color-4)","background-image":"","background-repeat":"repeat","background-position":"center center","background-size":"auto","background-attachment":"scroll","background-type":"","background-media":"","overlay-type":"","overlay-color":"","overlay-opacity":"","overlay-gradient":""},"tablet":{"background-color":"","background-image":"","background-repeat":"repeat","background-position":"center center","background-size":"auto","background-attachment":"scroll","background-type":"","background-media":"","overlay-type":"","overlay-color":"","overlay-opacity":"","overlay-gradient":""},"mobile":{"background-color":"","background-image":"","background-repeat":"repeat","background-position":"center center","background-size":"auto","background-attachment":"scroll","background-type":"","background-media":"","overlay-type":"","overlay-color":"","overlay-opacity":"","overlay-gradient":""}},"ast-content-background-meta":{"desktop":{"background-color":"var(--ast-global-color-5)","background-image":"","background-repeat":"repeat","background-position":"center center","background-size":"auto","background-attachment":"scroll","background-type":"","background-media":"","overlay-type":"","overlay-color":"","overlay-opacity":"","overlay-gradient":""},"tablet":{"background-color":"var(--ast-global-color-5)","background-image":"","background-repeat":"repeat","background-position":"center center","background-size":"auto","background-attachment":"scroll","background-type":"","background-media":"","overlay-type":"","overlay-color":"","overlay-opacity":"","overlay-gradient":""},"mobile":{"background-color":"var(--ast-global-color-5)","background-image":"","background-repeat":"repeat","background-position":"center center","background-size":"auto","background-attachment":"scroll","background-type":"","background-media":"","overlay-type":"","overlay-color":"","overlay-opacity":"","overlay-gradient":""}},"_tribe_events_status":"","_tribe_events_status_reason":"","_tribe_events_is_hybrid":"","_tribe_events_is_virtual":"","_tribe_events_virtual_video_source":"","_tribe_events_virtual_embed_video":"","_tribe_events_virtual_linked_button_text":"","_tribe_events_virtual_linked_button":"","_tribe_events_virtual_show_embed_at":"","_tribe_events_virtual_show_embed_to":[],"_tribe_events_virtual_show_on_event":"","_tribe_events_virtual_show_on_views":"","_tribe_events_virtual_url":"","footnotes":""},"tags":[],"tribe_events_cat":[],"class_list":["post-580","tribe_events","type-tribe_events","status-publish","has-post-thumbnail","hentry"],"yoast_head":"<!-- This site is optimized with the Yoast SEO plugin v27.2 - https:\/\/yoast.com\/product\/yoast-seo-wordpress\/ -->\n<title>F\u00eate nationale - Esplanade<\/title>\n<meta name=\"robots\" content=\"index, follow, max-snippet:-1, max-image-preview:large, max-video-preview:-1\" \/>\n<link rel=\"canonical\" href=\"https:\/\/notre-quartier.ch\/esplanade\/agenda\/fete-nationale\/\" \/>\n<meta property=\"og:locale\" content=\"fr_FR\" \/>\n<meta property=\"og:type\" content=\"article\" \/>\n<meta property=\"og:title\" content=\"F\u00eate nationale - Esplanade\" \/>\n<meta property=\"og:description\" content=\"Retrouvons-nous \u00e0 l&rsquo;ext\u00e9rieur pour partager un repas \u00e0 l&rsquo;occasion de la F\u00eate nationale ! Des feux d&rsquo;artifice seront \u00e9videmment au programme \ud83d\ude42\" \/>\n<meta property=\"og:url\" content=\"https:\/\/notre-quartier.ch\/esplanade\/agenda\/fete-nationale\/\" \/>\n<meta property=\"og:site_name\" content=\"Esplanade\" \/>\n<meta property=\"article:modified_time\" content=\"2025-03-31T14:28:45+00:00\" \/>\n<meta property=\"og:image\" content=\"https:\/\/notre-quartier.ch\/esplanade\/wp-content\/uploads\/sites\/9\/2025\/02\/COR_comm_fete_nationale-1024x808.png\" \/>\n\t<meta property=\"og:image:width\" content=\"1024\" \/>\n\t<meta property=\"og:image:height\" content=\"808\" \/>\n\t<meta property=\"og:image:type\" content=\"image\/png\" \/>\n<meta name=\"twitter:card\" content=\"summary_large_image\" \/>\n<script type=\"application\/ld+json\" class=\"yoast-schema-graph\">{\"@context\":\"https:\/\/schema.org\",\"@graph\":[{\"@type\":\"WebPage\",\"@id\":\"https:\/\/notre-quartier.ch\/esplanade\/agenda\/fete-nationale\/\",\"url\":\"https:\/\/notre-quartier.ch\/esplanade\/agenda\/fete-nationale\/\",\"name\":\"F\u00eate nationale - Esplanade\",\"isPartOf\":{\"@id\":\"https:\/\/notre-quartier.ch\/esplanade\/#website\"},\"primaryImageOfPage\":{\"@id\":\"https:\/\/notre-quartier.ch\/esplanade\/agenda\/fete-nationale\/#primaryimage\"},\"image\":{\"@id\":\"https:\/\/notre-quartier.ch\/esplanade\/agenda\/fete-nationale\/#primaryimage\"},\"thumbnailUrl\":\"https:\/\/notre-quartier.ch\/esplanade\/wp-content\/uploads\/sites\/9\/2025\/02\/COR_comm_fete_nationale.png\",\"datePublished\":\"2025-02-26T16:07:13+00:00\",\"dateModified\":\"2025-03-31T14:28:45+00:00\",\"breadcrumb\":{\"@id\":\"https:\/\/notre-quartier.ch\/esplanade\/agenda\/fete-nationale\/#breadcrumb\"},\"inLanguage\":\"fr-FR\",\"potentialAction\":[{\"@type\":\"ReadAction\",\"target\":[\"https:\/\/notre-quartier.ch\/esplanade\/agenda\/fete-nationale\/\"]}]},{\"@type\":\"ImageObject\",\"inLanguage\":\"fr-FR\",\"@id\":\"https:\/\/notre-quartier.ch\/esplanade\/agenda\/fete-nationale\/#primaryimage\",\"url\":\"https:\/\/notre-quartier.ch\/esplanade\/wp-content\/uploads\/sites\/9\/2025\/02\/COR_comm_fete_nationale.png\",\"contentUrl\":\"https:\/\/notre-quartier.ch\/esplanade\/wp-content\/uploads\/sites\/9\/2025\/02\/COR_comm_fete_nationale.png\",\"width\":3143,\"height\":2481},{\"@type\":\"BreadcrumbList\",\"@id\":\"https:\/\/notre-quartier.ch\/esplanade\/agenda\/fete-nationale\/#breadcrumb\",\"itemListElement\":[{\"@type\":\"ListItem\",\"position\":1,\"name\":\"Accueil\",\"item\":\"https:\/\/notre-quartier.ch\/esplanade\/\"},{\"@type\":\"ListItem\",\"position\":2,\"name\":\"\u00c9v\u00e8nements\",\"item\":\"https:\/\/notre-quartier.ch\/esplanade\/agenda\/\"},{\"@type\":\"ListItem\",\"position\":3,\"name\":\"F\u00eate nationale\"}]},{\"@type\":\"WebSite\",\"@id\":\"https:\/\/notre-quartier.ch\/esplanade\/#website\",\"url\":\"https:\/\/notre-quartier.ch\/esplanade\/\",\"name\":\"Esplanade\",\"description\":\"\",\"potentialAction\":[{\"@type\":\"SearchAction\",\"target\":{\"@type\":\"EntryPoint\",\"urlTemplate\":\"https:\/\/notre-quartier.ch\/esplanade\/?s={search_term_string}\"},\"query-input\":{\"@type\":\"PropertyValueSpecification\",\"valueRequired\":true,\"valueName\":\"search_term_string\"}}],\"inLanguage\":\"fr-FR\"}]}<\/script>\n<!-- \/ Yoast SEO plugin. -->","yoast_head_json":{"title":"F\u00eate nationale - Esplanade","robots":{"index":"index","follow":"follow","max-snippet":"max-snippet:-1","max-image-preview":"max-image-preview:large","max-video-preview":"max-video-preview:-1"},"canonical":"https:\/\/notre-quartier.ch\/esplanade\/agenda\/fete-nationale\/","og_locale":"fr_FR","og_type":"article","og_title":"F\u00eate nationale - Esplanade","og_description":"Retrouvons-nous \u00e0 l&rsquo;ext\u00e9rieur pour partager un repas \u00e0 l&rsquo;occasion de la F\u00eate nationale ! Des feux d&rsquo;artifice seront \u00e9videmment au programme \ud83d\ude42","og_url":"https:\/\/notre-quartier.ch\/esplanade\/agenda\/fete-nationale\/","og_site_name":"Esplanade","article_modified_time":"2025-03-31T14:28:45+00:00","og_image":[{"width":1024,"height":808,"url":"https:\/\/notre-quartier.ch\/esplanade\/wp-content\/uploads\/sites\/9\/2025\/02\/COR_comm_fete_nationale-1024x808.png","type":"image\/png"}],"twitter_card":"summary_large_image","schema":{"@context":"https:\/\/schema.org","@graph":[{"@type":"WebPage","@id":"https:\/\/notre-quartier.ch\/esplanade\/agenda\/fete-nationale\/","url":"https:\/\/notre-quartier.ch\/esplanade\/agenda\/fete-nationale\/","name":"F\u00eate nationale - Esplanade","isPartOf":{"@id":"https:\/\/notre-quartier.ch\/esplanade\/#website"},"primaryImageOfPage":{"@id":"https:\/\/notre-quartier.ch\/esplanade\/agenda\/fete-nationale\/#primaryimage"},"image":{"@id":"https:\/\/notre-quartier.ch\/esplanade\/agenda\/fete-nationale\/#primaryimage"},"thumbnailUrl":"https:\/\/notre-quartier.ch\/esplanade\/wp-content\/uploads\/sites\/9\/2025\/02\/COR_comm_fete_nationale.png","datePublished":"2025-02-26T16:07:13+00:00","dateModified":"2025-03-31T14:28:45+00:00","breadcrumb":{"@id":"https:\/\/notre-quartier.ch\/esplanade\/agenda\/fete-nationale\/#breadcrumb"},"inLanguage":"fr-FR","potentialAction":[{"@type":"ReadAction","target":["https:\/\/notre-quartier.ch\/esplanade\/agenda\/fete-nationale\/"]}]},{"@type":"ImageObject","inLanguage":"fr-FR","@id":"https:\/\/notre-quartier.ch\/esplanade\/agenda\/fete-nationale\/#primaryimage","url":"https:\/\/notre-quartier.ch\/esplanade\/wp-content\/uploads\/sites\/9\/2025\/02\/COR_comm_fete_nationale.png","contentUrl":"https:\/\/notre-quartier.ch\/esplanade\/wp-content\/uploads\/sites\/9\/2025\/02\/COR_comm_fete_nationale.png","width":3143,"height":2481},{"@type":"BreadcrumbList","@id":"https:\/\/notre-quartier.ch\/esplanade\/agenda\/fete-nationale\/#breadcrumb","itemListElement":[{"@type":"ListItem","position":1,"name":"Accueil","item":"https:\/\/notre-quartier.ch\/esplanade\/"},{"@type":"ListItem","position":2,"name":"\u00c9v\u00e8nements","item":"https:\/\/notre-quartier.ch\/esplanade\/agenda\/"},{"@type":"ListItem","position":3,"name":"F\u00eate nationale"}]},{"@type":"WebSite","@id":"https:\/\/notre-quartier.ch\/esplanade\/#website","url":"https:\/\/notre-quartier.ch\/esplanade\/","name":"Esplanade","description":"","potentialAction":[{"@type":"SearchAction","target":{"@type":"EntryPoint","urlTemplate":"https:\/\/notre-quartier.ch\/esplanade\/?s={search_term_string}"},"query-input":{"@type":"PropertyValueSpecification","valueRequired":true,"valueName":"search_term_string"}}],"inLanguage":"fr-FR"}]}},"_links":{"self":[{"href":"https:\/\/notre-quartier.ch\/esplanade\/wp-json\/wp\/v2\/tribe_events\/580","targetHints":{"allow":["GET"]}}],"collection":[{"href":"https:\/\/notre-quartier.ch\/esplanade\/wp-json\/wp\/v2\/tribe_events"}],"about":[{"href":"https:\/\/notre-quartier.ch\/esplanade\/wp-json\/wp\/v2\/types\/tribe_events"}],"author":[{"embeddable":true,"href":"https:\/\/notre-quartier.ch\/esplanade\/wp-json\/wp\/v2\/users\/15"}],"version-history":[{"count":2,"href":"https:\/\/notre-quartier.ch\/esplanade\/wp-json\/wp\/v2\/tribe_events\/580\/revisions"}],"predecessor-version":[{"id":707,"href":"https:\/\/notre-quartier.ch\/esplanade\/wp-json\/wp\/v2\/tribe_events\/580\/revisions\/707"}],"wp:featuredmedia":[{"embeddable":true,"href":"https:\/\/notre-quartier.ch\/esplanade\/wp-json\/wp\/v2\/media\/581"}],"wp:attachment":[{"href":"https:\/\/notre-quartier.ch\/esplanade\/wp-json\/wp\/v2\/media?parent=580"}],"wp:term":[{"taxonomy":"post_tag","embeddable":true,"href":"https:\/\/notre-quartier.ch\/esplanade\/wp-json\/wp\/v2\/tags?post=580"},{"taxonomy":"tribe_events_cat","embeddable":true,"href":"https:\/\/notre-quartier.ch\/esplanade\/wp-json\/wp\/v2\/tribe_events_cat?post=580"}],"curies":[{"name":"wp","href":"https:\/\/api.w.org\/{rel}","templated":true}]}}

Fête nationale

<p>Retrouvons-nous à l&rsquo;extérieur pour partager un repas à l&rsquo;occasion de la Fête nationale !</p>
<p>Des feux d&rsquo;artifice seront évidemment au programme 🙂</p>

<p>Retrouvons-nous à l&rsquo;extérieur pour partager un repas à l&rsquo;occasion de la Fête nationale ! Des feux d&rsquo;artifice seront évidemment au programme 🙂</p>

<!-- This site is optimized with the Yoast SEO plugin v27.2 - https://yoast.com/product/yoast-seo-wordpress/ -->
<title>Fête nationale - Esplanade</title>
<meta name="robots" content="index, follow, max-snippet:-1, max-image-preview:large, max-video-preview:-1" />
<link rel="canonical" href="https://notre-quartier.ch/esplanade/agenda/fete-nationale/" />
<meta property="og:locale" content="fr_FR" />
<meta property="og:type" content="article" />
<meta property="og:title" content="Fête nationale - Esplanade" />
<meta property="og:description" content="Retrouvons-nous à l&rsquo;extérieur pour partager un repas à l&rsquo;occasion de la Fête nationale ! Des feux d&rsquo;artifice seront évidemment au programme 🙂" />
<meta property="og:url" content="https://notre-quartier.ch/esplanade/agenda/fete-nationale/" />
<meta property="og:site_name" content="Esplanade" />
<meta property="article:modified_time" content="2025-03-31T14:28:45+00:00" />
<meta property="og:image" content="https://notre-quartier.ch/esplanade/wp-content/uploads/sites/9/2025/02/COR_comm_fete_nationale-1024x808.png" />
	<meta property="og:image:width" content="1024" />
	<meta property="og:image:height" content="808" />
	<meta property="og:image:type" content="image/png" />
<meta name="twitter:card" content="summary_large_image" />
<script type="application/ld+json" class="yoast-schema-graph">{"@context":"https://schema.org","@graph":[{"@type":"WebPage","@id":"https://notre-quartier.ch/esplanade/agenda/fete-nationale/","url":"https://notre-quartier.ch/esplanade/agenda/fete-nationale/","name":"Fête nationale - Esplanade","isPartOf":{"@id":"https://notre-quartier.ch/esplanade/#website"},"primaryImageOfPage":{"@id":"https://notre-quartier.ch/esplanade/agenda/fete-nationale/#primaryimage"},"image":{"@id":"https://notre-quartier.ch/esplanade/agenda/fete-nationale/#primaryimage"},"thumbnailUrl":"https://notre-quartier.ch/esplanade/wp-content/uploads/sites/9/2025/02/COR_comm_fete_nationale.png","datePublished":"2025-02-26T16:07:13+00:00","dateModified":"2025-03-31T14:28:45+00:00","breadcrumb":{"@id":"https://notre-quartier.ch/esplanade/agenda/fete-nationale/#breadcrumb"},"inLanguage":"fr-FR","potentialAction":[{"@type":"ReadAction","target":["https://notre-quartier.ch/esplanade/agenda/fete-nationale/"]}]},{"@type":"ImageObject","inLanguage":"fr-FR","@id":"https://notre-quartier.ch/esplanade/agenda/fete-nationale/#primaryimage","url":"https://notre-quartier.ch/esplanade/wp-content/uploads/sites/9/2025/02/COR_comm_fete_nationale.png","contentUrl":"https://notre-quartier.ch/esplanade/wp-content/uploads/sites/9/2025/02/COR_comm_fete_nationale.png","width":3143,"height":2481},{"@type":"BreadcrumbList","@id":"https://notre-quartier.ch/esplanade/agenda/fete-nationale/#breadcrumb","itemListElement":[{"@type":"ListItem","position":1,"name":"Accueil","item":"https://notre-quartier.ch/esplanade/"},{"@type":"ListItem","position":2,"name":"Évènements","item":"https://notre-quartier.ch/esplanade/agenda/"},{"@type":"ListItem","position":3,"name":"Fête nationale"}]},{"@type":"WebSite","@id":"https://notre-quartier.ch/esplanade/#website","url":"https://notre-quartier.ch/esplanade/","name":"Esplanade","description":"","potentialAction":[{"@type":"SearchAction","target":{"@type":"EntryPoint","urlTemplate":"https://notre-quartier.ch/esplanade/?s={search_term_string}"},"query-input":{"@type":"PropertyValueSpecification","valueRequired":true,"valueName":"search_term_string"}}],"inLanguage":"fr-FR"}]}</script>
<!-- / Yoast SEO plugin. -->

Fête nationale - Esplanade

Retrouvons-nous à l&rsquo;extérieur pour partager un repas à l&rsquo;occasion de la Fête nationale ! Des feux d&rsquo;artifice seront évidemment au programme 🙂

Évènements
