{"id":569,"date":"2025-02-26T17:01:38","date_gmt":"2025-02-26T16:01:38","guid":{"rendered":"https:\/\/notre-quartier.ch\/esplanade\/?post_type=tribe_events&#038;p=569"},"modified":"2025-03-28T18:15:58","modified_gmt":"2025-03-28T17:15:58","slug":"assemblee-generale-de-lassociation-esplanade","status":"publish","type":"tribe_events","link":"https:\/\/notre-quartier.ch\/esplanade\/agenda\/assemblee-generale-de-lassociation-esplanade\/","title":{"rendered":"Assembl\u00e9e g\u00e9n\u00e9rale de l&rsquo;association Esplanade"},"content":{"rendered":"<p>Comme chaque ann\u00e9e, tous les membres de l&rsquo;association Esplanade sont convi\u00e9s \u00e0 l&rsquo;assembl\u00e9e g\u00e9n\u00e9rale !<\/p>\n<p>L&rsquo;occasion pour le comit\u00e9 de faire un r\u00e9capitulatif des activit\u00e9s et des finances de 2024, mais aussi d&rsquo;\u00e9voquer le programme de l&rsquo;ann\u00e9e 2025.<\/p>\n<p>Nous nous r\u00e9jouissons de vous retrouver. Un verre de l&rsquo;amiti\u00e9 sera partag\u00e9 suite \u00e0 l&rsquo;assembl\u00e9e \ud83d\ude42<\/p>\n<p>&nbsp;<\/p>\n<p><strong>Ordre du jour<\/strong><\/p>\n<p>1. Accueil<\/p>\n<p>2. Nominations des scrutateurs<\/p>\n<p>3. Ann\u00e9e 2024<\/p>\n<ul>\n<li>Rapport d&rsquo;activit\u00e9s<\/li>\n<li>Comptes annuels<\/li>\n<li>Rapport des v\u00e9rificateurs des comptes<\/li>\n<\/ul>\n<p>4. Programme 2025<\/p>\n<p>5. Nominations<\/p>\n<ul>\n<li>Nomination du comit\u00e9<\/li>\n<li>Nomination du pr\u00e9sident<\/li>\n<li>Nomination des v\u00e9rificateurs de comptes<\/li>\n<\/ul>\n<p>6. Divers<\/p>\n","protected":false},"excerpt":{"rendered":"<p>Comme chaque ann\u00e9e, tous les membres de l&rsquo;association Esplanade sont convi\u00e9s \u00e0 l&rsquo;assembl\u00e9e g\u00e9n\u00e9rale ! L&rsquo;occasion pour le comit\u00e9 de faire un r\u00e9capitulatif des activit\u00e9s et des finances de 2024, [&hellip;]<\/p>\n","protected":false},"author":15,"featured_media":570,"template":"","meta":{"site-sidebar-layout":"default","site-content-layout":"","ast-site-content-layout":"default","site-content-style":"default","site-sidebar-style":"default","ast-global-header-display":"","ast-banner-title-visibility":"","ast-main-header-display":"","ast-hfb-above-header-display":"","ast-hfb-below-header-display":"","ast-hfb-mobile-header-display":"","site-post-title":"","ast-breadcrumbs-content":"","ast-featured-img":"","footer-sml-layout":"","ast-disable-related-posts":"","theme-transparent-header-meta":"default","adv-header-id-meta":"","stick-header-meta":"","header-above-stick-meta":"","header-main-stick-meta":"","header-below-stick-meta":"","astra-migrate-meta-layouts":"set","ast-page-background-enabled":"default","ast-page-background-meta":{"desktop":{"background-color":"var(--ast-global-color-4)","background-image":"","background-repeat":"repeat","background-position":"center center","background-size":"auto","background-attachment":"scroll","background-type":"","background-media":"","overlay-type":"","overlay-color":"","overlay-opacity":"","overlay-gradient":""},"tablet":{"background-color":"","background-image":"","background-repeat":"repeat","background-position":"center center","background-size":"auto","background-attachment":"scroll","background-type":"","background-media":"","overlay-type":"","overlay-color":"","overlay-opacity":"","overlay-gradient":""},"mobile":{"background-color":"","background-image":"","background-repeat":"repeat","background-position":"center center","background-size":"auto","background-attachment":"scroll","background-type":"","background-media":"","overlay-type":"","overlay-color":"","overlay-opacity":"","overlay-gradient":""}},"ast-content-background-meta":{"desktop":{"background-color":"var(--ast-global-color-5)","background-image":"","background-repeat":"repeat","background-position":"center center","background-size":"auto","background-attachment":"scroll","background-type":"","background-media":"","overlay-type":"","overlay-color":"","overlay-opacity":"","overlay-gradient":""},"tablet":{"background-color":"var(--ast-global-color-5)","background-image":"","background-repeat":"repeat","background-position":"center center","background-size":"auto","background-attachment":"scroll","background-type":"","background-media":"","overlay-type":"","overlay-color":"","overlay-opacity":"","overlay-gradient":""},"mobile":{"background-color":"var(--ast-global-color-5)","background-image":"","background-repeat":"repeat","background-position":"center center","background-size":"auto","background-attachment":"scroll","background-type":"","background-media":"","overlay-type":"","overlay-color":"","overlay-opacity":"","overlay-gradient":""}},"_tribe_events_status":"","_tribe_events_status_reason":"","_tribe_events_is_hybrid":"","_tribe_events_is_virtual":"","_tribe_events_virtual_video_source":"","_tribe_events_virtual_embed_video":"","_tribe_events_virtual_linked_button_text":"","_tribe_events_virtual_linked_button":"","_tribe_events_virtual_show_embed_at":"","_tribe_events_virtual_show_embed_to":[],"_tribe_events_virtual_show_on_event":"","_tribe_events_virtual_show_on_views":"","_tribe_events_virtual_url":"","footnotes":""},"tags":[],"tribe_events_cat":[],"class_list":["post-569","tribe_events","type-tribe_events","status-publish","has-post-thumbnail","hentry"],"yoast_head":"<!-- This site is optimized with the Yoast SEO plugin v27.2 - https:\/\/yoast.com\/product\/yoast-seo-wordpress\/ -->\n<title>Assembl\u00e9e g\u00e9n\u00e9rale de l&#039;association Esplanade - Esplanade<\/title>\n<meta name=\"robots\" content=\"index, follow, max-snippet:-1, max-image-preview:large, max-video-preview:-1\" \/>\n<link rel=\"canonical\" href=\"https:\/\/notre-quartier.ch\/esplanade\/agenda\/assemblee-generale-de-lassociation-esplanade\/\" \/>\n<meta property=\"og:locale\" content=\"fr_FR\" \/>\n<meta property=\"og:type\" content=\"article\" \/>\n<meta property=\"og:title\" content=\"Assembl\u00e9e g\u00e9n\u00e9rale de l&#039;association Esplanade - Esplanade\" \/>\n<meta property=\"og:description\" content=\"Comme chaque ann\u00e9e, tous les membres de l&rsquo;association Esplanade sont convi\u00e9s \u00e0 l&rsquo;assembl\u00e9e g\u00e9n\u00e9rale ! L&rsquo;occasion pour le comit\u00e9 de faire un r\u00e9capitulatif des activit\u00e9s et des finances de 2024, [&hellip;]\" \/>\n<meta property=\"og:url\" content=\"https:\/\/notre-quartier.ch\/esplanade\/agenda\/assemblee-generale-de-lassociation-esplanade\/\" \/>\n<meta property=\"og:site_name\" content=\"Esplanade\" \/>\n<meta property=\"article:modified_time\" content=\"2025-03-28T17:15:58+00:00\" \/>\n<meta property=\"og:image\" content=\"https:\/\/notre-quartier.ch\/esplanade\/wp-content\/uploads\/sites\/9\/2025\/02\/COR_comm_AG-1024x808.png\" \/>\n\t<meta property=\"og:image:width\" content=\"1024\" \/>\n\t<meta property=\"og:image:height\" content=\"808\" \/>\n\t<meta property=\"og:image:type\" content=\"image\/png\" \/>\n<meta name=\"twitter:card\" content=\"summary_large_image\" \/>\n<script type=\"application\/ld+json\" class=\"yoast-schema-graph\">{\"@context\":\"https:\/\/schema.org\",\"@graph\":[{\"@type\":\"WebPage\",\"@id\":\"https:\/\/notre-quartier.ch\/esplanade\/agenda\/assemblee-generale-de-lassociation-esplanade\/\",\"url\":\"https:\/\/notre-quartier.ch\/esplanade\/agenda\/assemblee-generale-de-lassociation-esplanade\/\",\"name\":\"Assembl\u00e9e g\u00e9n\u00e9rale de l'association Esplanade - Esplanade\",\"isPartOf\":{\"@id\":\"https:\/\/notre-quartier.ch\/esplanade\/#website\"},\"primaryImageOfPage\":{\"@id\":\"https:\/\/notre-quartier.ch\/esplanade\/agenda\/assemblee-generale-de-lassociation-esplanade\/#primaryimage\"},\"image\":{\"@id\":\"https:\/\/notre-quartier.ch\/esplanade\/agenda\/assemblee-generale-de-lassociation-esplanade\/#primaryimage\"},\"thumbnailUrl\":\"https:\/\/notre-quartier.ch\/esplanade\/wp-content\/uploads\/sites\/9\/2025\/02\/COR_comm_AG.png\",\"datePublished\":\"2025-02-26T16:01:38+00:00\",\"dateModified\":\"2025-03-28T17:15:58+00:00\",\"breadcrumb\":{\"@id\":\"https:\/\/notre-quartier.ch\/esplanade\/agenda\/assemblee-generale-de-lassociation-esplanade\/#breadcrumb\"},\"inLanguage\":\"fr-FR\",\"potentialAction\":[{\"@type\":\"ReadAction\",\"target\":[\"https:\/\/notre-quartier.ch\/esplanade\/agenda\/assemblee-generale-de-lassociation-esplanade\/\"]}]},{\"@type\":\"ImageObject\",\"inLanguage\":\"fr-FR\",\"@id\":\"https:\/\/notre-quartier.ch\/esplanade\/agenda\/assemblee-generale-de-lassociation-esplanade\/#primaryimage\",\"url\":\"https:\/\/notre-quartier.ch\/esplanade\/wp-content\/uploads\/sites\/9\/2025\/02\/COR_comm_AG.png\",\"contentUrl\":\"https:\/\/notre-quartier.ch\/esplanade\/wp-content\/uploads\/sites\/9\/2025\/02\/COR_comm_AG.png\",\"width\":3143,\"height\":2481},{\"@type\":\"BreadcrumbList\",\"@id\":\"https:\/\/notre-quartier.ch\/esplanade\/agenda\/assemblee-generale-de-lassociation-esplanade\/#breadcrumb\",\"itemListElement\":[{\"@type\":\"ListItem\",\"position\":1,\"name\":\"Accueil\",\"item\":\"https:\/\/notre-quartier.ch\/esplanade\/\"},{\"@type\":\"ListItem\",\"position\":2,\"name\":\"\u00c9v\u00e8nements\",\"item\":\"https:\/\/notre-quartier.ch\/esplanade\/agenda\/\"},{\"@type\":\"ListItem\",\"position\":3,\"name\":\"Assembl\u00e9e g\u00e9n\u00e9rale de l&rsquo;association Esplanade\"}]},{\"@type\":\"WebSite\",\"@id\":\"https:\/\/notre-quartier.ch\/esplanade\/#website\",\"url\":\"https:\/\/notre-quartier.ch\/esplanade\/\",\"name\":\"Esplanade\",\"description\":\"\",\"potentialAction\":[{\"@type\":\"SearchAction\",\"target\":{\"@type\":\"EntryPoint\",\"urlTemplate\":\"https:\/\/notre-quartier.ch\/esplanade\/?s={search_term_string}\"},\"query-input\":{\"@type\":\"PropertyValueSpecification\",\"valueRequired\":true,\"valueName\":\"search_term_string\"}}],\"inLanguage\":\"fr-FR\"}]}<\/script>\n<!-- \/ Yoast SEO plugin. -->","yoast_head_json":{"title":"Assembl\u00e9e g\u00e9n\u00e9rale de l'association Esplanade - Esplanade","robots":{"index":"index","follow":"follow","max-snippet":"max-snippet:-1","max-image-preview":"max-image-preview:large","max-video-preview":"max-video-preview:-1"},"canonical":"https:\/\/notre-quartier.ch\/esplanade\/agenda\/assemblee-generale-de-lassociation-esplanade\/","og_locale":"fr_FR","og_type":"article","og_title":"Assembl\u00e9e g\u00e9n\u00e9rale de l'association Esplanade - Esplanade","og_description":"Comme chaque ann\u00e9e, tous les membres de l&rsquo;association Esplanade sont convi\u00e9s \u00e0 l&rsquo;assembl\u00e9e g\u00e9n\u00e9rale ! L&rsquo;occasion pour le comit\u00e9 de faire un r\u00e9capitulatif des activit\u00e9s et des finances de 2024, [&hellip;]","og_url":"https:\/\/notre-quartier.ch\/esplanade\/agenda\/assemblee-generale-de-lassociation-esplanade\/","og_site_name":"Esplanade","article_modified_time":"2025-03-28T17:15:58+00:00","og_image":[{"width":1024,"height":808,"url":"https:\/\/notre-quartier.ch\/esplanade\/wp-content\/uploads\/sites\/9\/2025\/02\/COR_comm_AG-1024x808.png","type":"image\/png"}],"twitter_card":"summary_large_image","schema":{"@context":"https:\/\/schema.org","@graph":[{"@type":"WebPage","@id":"https:\/\/notre-quartier.ch\/esplanade\/agenda\/assemblee-generale-de-lassociation-esplanade\/","url":"https:\/\/notre-quartier.ch\/esplanade\/agenda\/assemblee-generale-de-lassociation-esplanade\/","name":"Assembl\u00e9e g\u00e9n\u00e9rale de l'association Esplanade - Esplanade","isPartOf":{"@id":"https:\/\/notre-quartier.ch\/esplanade\/#website"},"primaryImageOfPage":{"@id":"https:\/\/notre-quartier.ch\/esplanade\/agenda\/assemblee-generale-de-lassociation-esplanade\/#primaryimage"},"image":{"@id":"https:\/\/notre-quartier.ch\/esplanade\/agenda\/assemblee-generale-de-lassociation-esplanade\/#primaryimage"},"thumbnailUrl":"https:\/\/notre-quartier.ch\/esplanade\/wp-content\/uploads\/sites\/9\/2025\/02\/COR_comm_AG.png","datePublished":"2025-02-26T16:01:38+00:00","dateModified":"2025-03-28T17:15:58+00:00","breadcrumb":{"@id":"https:\/\/notre-quartier.ch\/esplanade\/agenda\/assemblee-generale-de-lassociation-esplanade\/#breadcrumb"},"inLanguage":"fr-FR","potentialAction":[{"@type":"ReadAction","target":["https:\/\/notre-quartier.ch\/esplanade\/agenda\/assemblee-generale-de-lassociation-esplanade\/"]}]},{"@type":"ImageObject","inLanguage":"fr-FR","@id":"https:\/\/notre-quartier.ch\/esplanade\/agenda\/assemblee-generale-de-lassociation-esplanade\/#primaryimage","url":"https:\/\/notre-quartier.ch\/esplanade\/wp-content\/uploads\/sites\/9\/2025\/02\/COR_comm_AG.png","contentUrl":"https:\/\/notre-quartier.ch\/esplanade\/wp-content\/uploads\/sites\/9\/2025\/02\/COR_comm_AG.png","width":3143,"height":2481},{"@type":"BreadcrumbList","@id":"https:\/\/notre-quartier.ch\/esplanade\/agenda\/assemblee-generale-de-lassociation-esplanade\/#breadcrumb","itemListElement":[{"@type":"ListItem","position":1,"name":"Accueil","item":"https:\/\/notre-quartier.ch\/esplanade\/"},{"@type":"ListItem","position":2,"name":"\u00c9v\u00e8nements","item":"https:\/\/notre-quartier.ch\/esplanade\/agenda\/"},{"@type":"ListItem","position":3,"name":"Assembl\u00e9e g\u00e9n\u00e9rale de l&rsquo;association Esplanade"}]},{"@type":"WebSite","@id":"https:\/\/notre-quartier.ch\/esplanade\/#website","url":"https:\/\/notre-quartier.ch\/esplanade\/","name":"Esplanade","description":"","potentialAction":[{"@type":"SearchAction","target":{"@type":"EntryPoint","urlTemplate":"https:\/\/notre-quartier.ch\/esplanade\/?s={search_term_string}"},"query-input":{"@type":"PropertyValueSpecification","valueRequired":true,"valueName":"search_term_string"}}],"inLanguage":"fr-FR"}]}},"_links":{"self":[{"href":"https:\/\/notre-quartier.ch\/esplanade\/wp-json\/wp\/v2\/tribe_events\/569","targetHints":{"allow":["GET"]}}],"collection":[{"href":"https:\/\/notre-quartier.ch\/esplanade\/wp-json\/wp\/v2\/tribe_events"}],"about":[{"href":"https:\/\/notre-quartier.ch\/esplanade\/wp-json\/wp\/v2\/types\/tribe_events"}],"author":[{"embeddable":true,"href":"https:\/\/notre-quartier.ch\/esplanade\/wp-json\/wp\/v2\/users\/15"}],"version-history":[{"count":13,"href":"https:\/\/notre-quartier.ch\/esplanade\/wp-json\/wp\/v2\/tribe_events\/569\/revisions"}],"predecessor-version":[{"id":693,"href":"https:\/\/notre-quartier.ch\/esplanade\/wp-json\/wp\/v2\/tribe_events\/569\/revisions\/693"}],"wp:featuredmedia":[{"embeddable":true,"href":"https:\/\/notre-quartier.ch\/esplanade\/wp-json\/wp\/v2\/media\/570"}],"wp:attachment":[{"href":"https:\/\/notre-quartier.ch\/esplanade\/wp-json\/wp\/v2\/media?parent=569"}],"wp:term":[{"taxonomy":"post_tag","embeddable":true,"href":"https:\/\/notre-quartier.ch\/esplanade\/wp-json\/wp\/v2\/tags?post=569"},{"taxonomy":"tribe_events_cat","embeddable":true,"href":"https:\/\/notre-quartier.ch\/esplanade\/wp-json\/wp\/v2\/tribe_events_cat?post=569"}],"curies":[{"name":"wp","href":"https:\/\/api.w.org\/{rel}","templated":true}]}}

Assemblée générale de l&rsquo;association Esplanade

<p>Comme chaque année, tous les membres de l&rsquo;association Esplanade sont conviés à l&rsquo;assemblée générale !</p>
<p>L&rsquo;occasion pour le comité de faire un récapitulatif des activités et des finances de 2024, mais aussi d&rsquo;évoquer le programme de l&rsquo;année 2025.</p>
<p>Nous nous réjouissons de vous retrouver. Un verre de l&rsquo;amitié sera partagé suite à l&rsquo;assemblée 🙂</p>
<p>&nbsp;</p>
<p><strong>Ordre du jour</strong></p>
<p>1. Accueil</p>
<p>2. Nominations des scrutateurs</p>
<p>3. Année 2024</p>
<ul>
<li>Rapport d&rsquo;activités</li>
<li>Comptes annuels</li>
<li>Rapport des vérificateurs des comptes</li>
</ul>
<p>4. Programme 2025</p>
<p>5. Nominations</p>
<ul>
<li>Nomination du comité</li>
<li>Nomination du président</li>
<li>Nomination des vérificateurs de comptes</li>
</ul>
<p>6. Divers</p>

<p>Comme chaque année, tous les membres de l&rsquo;association Esplanade sont conviés à l&rsquo;assemblée générale ! L&rsquo;occasion pour le comité de faire un récapitulatif des activités et des finances de 2024, [&hellip;]</p>

<!-- This site is optimized with the Yoast SEO plugin v27.2 - https://yoast.com/product/yoast-seo-wordpress/ -->
<title>Assemblée générale de l&#039;association Esplanade - Esplanade</title>
<meta name="robots" content="index, follow, max-snippet:-1, max-image-preview:large, max-video-preview:-1" />
<link rel="canonical" href="https://notre-quartier.ch/esplanade/agenda/assemblee-generale-de-lassociation-esplanade/" />
<meta property="og:locale" content="fr_FR" />
<meta property="og:type" content="article" />
<meta property="og:title" content="Assemblée générale de l&#039;association Esplanade - Esplanade" />
<meta property="og:description" content="Comme chaque année, tous les membres de l&rsquo;association Esplanade sont conviés à l&rsquo;assemblée générale ! L&rsquo;occasion pour le comité de faire un récapitulatif des activités et des finances de 2024, [&hellip;]" />
<meta property="og:url" content="https://notre-quartier.ch/esplanade/agenda/assemblee-generale-de-lassociation-esplanade/" />
<meta property="og:site_name" content="Esplanade" />
<meta property="article:modified_time" content="2025-03-28T17:15:58+00:00" />
<meta property="og:image" content="https://notre-quartier.ch/esplanade/wp-content/uploads/sites/9/2025/02/COR_comm_AG-1024x808.png" />
	<meta property="og:image:width" content="1024" />
	<meta property="og:image:height" content="808" />
	<meta property="og:image:type" content="image/png" />
<meta name="twitter:card" content="summary_large_image" />
<script type="application/ld+json" class="yoast-schema-graph">{"@context":"https://schema.org","@graph":[{"@type":"WebPage","@id":"https://notre-quartier.ch/esplanade/agenda/assemblee-generale-de-lassociation-esplanade/","url":"https://notre-quartier.ch/esplanade/agenda/assemblee-generale-de-lassociation-esplanade/","name":"Assemblée générale de l'association Esplanade - Esplanade","isPartOf":{"@id":"https://notre-quartier.ch/esplanade/#website"},"primaryImageOfPage":{"@id":"https://notre-quartier.ch/esplanade/agenda/assemblee-generale-de-lassociation-esplanade/#primaryimage"},"image":{"@id":"https://notre-quartier.ch/esplanade/agenda/assemblee-generale-de-lassociation-esplanade/#primaryimage"},"thumbnailUrl":"https://notre-quartier.ch/esplanade/wp-content/uploads/sites/9/2025/02/COR_comm_AG.png","datePublished":"2025-02-26T16:01:38+00:00","dateModified":"2025-03-28T17:15:58+00:00","breadcrumb":{"@id":"https://notre-quartier.ch/esplanade/agenda/assemblee-generale-de-lassociation-esplanade/#breadcrumb"},"inLanguage":"fr-FR","potentialAction":[{"@type":"ReadAction","target":["https://notre-quartier.ch/esplanade/agenda/assemblee-generale-de-lassociation-esplanade/"]}]},{"@type":"ImageObject","inLanguage":"fr-FR","@id":"https://notre-quartier.ch/esplanade/agenda/assemblee-generale-de-lassociation-esplanade/#primaryimage","url":"https://notre-quartier.ch/esplanade/wp-content/uploads/sites/9/2025/02/COR_comm_AG.png","contentUrl":"https://notre-quartier.ch/esplanade/wp-content/uploads/sites/9/2025/02/COR_comm_AG.png","width":3143,"height":2481},{"@type":"BreadcrumbList","@id":"https://notre-quartier.ch/esplanade/agenda/assemblee-generale-de-lassociation-esplanade/#breadcrumb","itemListElement":[{"@type":"ListItem","position":1,"name":"Accueil","item":"https://notre-quartier.ch/esplanade/"},{"@type":"ListItem","position":2,"name":"Évènements","item":"https://notre-quartier.ch/esplanade/agenda/"},{"@type":"ListItem","position":3,"name":"Assemblée générale de l&rsquo;association Esplanade"}]},{"@type":"WebSite","@id":"https://notre-quartier.ch/esplanade/#website","url":"https://notre-quartier.ch/esplanade/","name":"Esplanade","description":"","potentialAction":[{"@type":"SearchAction","target":{"@type":"EntryPoint","urlTemplate":"https://notre-quartier.ch/esplanade/?s={search_term_string}"},"query-input":{"@type":"PropertyValueSpecification","valueRequired":true,"valueName":"search_term_string"}}],"inLanguage":"fr-FR"}]}</script>
<!-- / Yoast SEO plugin. -->

Assemblée générale de l'association Esplanade - Esplanade

Comme chaque année, tous les membres de l&rsquo;association Esplanade sont conviés à l&rsquo;assemblée générale ! L&rsquo;occasion pour le comité de faire un récapitulatif des activités et des finances de 2024, [&hellip;]

Évènements
